mmon divisor of 127 and 383282571.
127
What is the highest common factor of 24624 and 255312?
1296
Calculate the highest common factor of 8 and 2344248.
8
Calculate the greatest common divisor of 63455 and 3071565.
1715
Calculate the greatest common factor of 139 and 166167272.
139
What is the greatest common factor of 3850 and 515746?
154
Calculate the greatest common factor of 1328756 and 9568.
1196
What is the highest common factor of 471505 and 175?
5
Calculate the greatest common divisor of 10088445 and 1290.
645
What is the greatest common factor of 2706 and 148948162?
902
What is the greatest common factor of 158028 and 8788?
52
What is the highest common divisor of 198 and 22465242?
18
What is the greatest common divisor of 3696 and 4087545?
231
What is the highest common factor of 52224 and 5763?
51
What is the greatest common factor of 7124 and 6724562?
26
What is the highest common divisor of 672571 and 77639?
17
Calculate the greatest common divisor of 72 and 1813436496.
72
What is the greatest common factor of 1358 and 58713518?
194
What is the highest common factor of 264 and 163195747?
11
Calculate the highest common divisor of 872 and 154930529.
109
Calculate the highest common factor of 5494 and 380808369.
2747
Calculate the greatest common factor of 76953 and 1458.
3
What is the highest common factor of 1386 and 3916374?
462
What is the highest common divisor of 427543 and 1145?
229
Calculate the greatest common factor of 2936024 and 103441.
1417
Calculate the greatest common factor of 182 and 2185768.
26
What is the greatest common divisor of 184 and 995509?
23
What is the greatest common divisor of 48036 and 9204?
12
Calculate the greatest common factor of 19 and 419959926.
19
Calculate the highest common divisor of 31004 and 525720.
1348
Calculate the greatest common divisor of 1188 and 3489354.
198
What is the greatest common divisor of 45454410 and 70?
10
Calculate the greatest common divisor of 35352288 and 918.
54
Calculate the highest common factor of 3234294 and 17949.
579
Calculate the greatest common factor of 10920 and 6662760.
1560
What is the highest common divisor of 1474830 and 486?
18
Calculate the highest common divisor of 1338 and 28043142.
1338
What is the greatest common factor of 2889 and 322452846?
2889
What is the greatest common divisor of 75739 and 220631?
3293
What is the highest common divisor of 115546056 and 6352?
3176
What is the greatest common factor of 776508 and 570?
6
Calculate the highest common factor of 912894092 and 1162.
166
Calculate the highest common divisor of 38499 and 140343.
123
Calculate the highest common divisor of 285264230 and 20.
10
Calculate the greatest common factor of 72 and 2785806.
18
What is the greatest common divisor of 45 and 151530498?
9
Calculate the highest common factor of 1995429786 and 14.
14
What is the highest common divisor of 1726293 and 1839?
3
Calculate the highest common divisor of 1277811 and 18837.
207
What is the highest common factor of 16 and 795822064?
16
What is the highest common divisor of 7836 and 18369543?
1959
Calculate the highest common factor of 17530025 and 129.
43
Calculate the greatest common divisor of 28060 and 894240.
460
What is the highest common factor of 4110660 and 24723?
369
Calculate the highest common factor of 2608 and 63537400.
1304
What is the greatest common factor of 36 and 67158132?
12
Calculate the highest common divisor of 141220 and 99820.
460
Calculate the greatest common divisor of 143997624 and 5012.
716
What is the greatest common divisor of 16875 and 94425?
75
What is the greatest common factor of 5662 and 299402?
38
What is the greatest common divisor of 1043 and 200291?
7
What is the highest common divisor of 1813273 and 6083?
77
Calculate the highest common factor of 2226731 and 471.
157
Calculate the greatest common divisor of 1530 and 1878670.
170
What is the highest common factor of 108917988 and 1695?
339
What is the greatest common factor of 16884 and 1504638?
18
What is the highest common factor of 26352 and 8127?
27
Calculate the greatest common divisor of 2776 and 16205941.
347
What is the greatest common divisor of 10384296 and 4472?
104
Calculate the highest common factor of 27 and 29616501.
3
Calculate the greatest common divisor of 280292045 and 1115.
1115
Calculate the highest common divisor of 5343 and 2197.
13
Calculate the highest common divisor of 1258790 and 7015.
115
Calculate the greatest common divisor of 189539115 and 310.
155
What is the highest common factor of 16848 and 10331568?
1872
Calculate the highest common divisor of 1155 and 56294601.
33
What is the greatest common factor of 4957 and 2027?
1
Calculate the greatest common factor of 95887542 and 83514.
2694
Calculate the highest common divisor of 3230580 and 40020.
1380
Calculate the greatest common factor of 10192 and 54016326.
1274
What is the greatest common divisor of 332478 and 756324?
2538
What is the highest common divisor of 1058 and 252576869?
529
What is the highest common divisor of 384 and 2528382?
6
Calculate the highest common factor of 2973074 and 683306.
1066
Calculate the greatest common factor of 3476 and 11070191.
869
Calculate the greatest common factor of 212600 and 19275.
25
Calculate the greatest common factor of 321538790 and 4022.
4022
What is the greatest common factor of 1387741275 and 7845?
7845
Calculate the greatest common divisor of 2200 and 6609240.
440
Calculate the greatest common divisor of 190553 and 38522.
187
Calculate the highest common divisor of 1189188 and 95472.
1404
What is the highest common divisor of 136 and 9947176?
136
Calculate the greatest common divisor of 634326 and 5368.
22
Calculate the greatest common divisor of 173133104 and 16.
16
Calculate the greatest common divisor of 762 and 31328106.
762
Calculate the highest common factor of 14643559 and 4285.
857
What is the highest common divisor of 1737 and 41430731?
193
Calculate the greatest common divisor of 85067 and 18536.
331
What is the greatest common factor of 629 and 52330403?
17
What is the greatest common divisor of 12653535 and 732?
183
Calculate the highest common factor of 2240 and 12909680.
560
Calculate the greatest common factor of 78064 and 107576.
952
What is the greatest common divisor of 909576 and 19251?
27
Calculate the greatest common factor of 301107 and 261.
87
Calculate the greatest common factor of 592 and 12895832.
296
Calculate the greatest common divisor of 1045 and 61992155.
95
What is the greatest common divisor of 44659 and 7251656?
1207
Calculate the greatest common divisor of 1377 and 6186861.
1377
What is the highest common divisor of 7368086 and 209?
209
What is the greatest common factor of 3208 and 2973415?
401
What is the greatest common divisor of 2324199945 and 1481?
1481
Calculate the highest common factor of 361 and 274837242.
361
What is the greatest common divisor of 132654856 and 178?
178
Calculate the greatest common factor of 1760 and 867196.
44
What is the highest common factor of 567 and 808850?
7
Calculate the highest common factor of 880116 and 48990.
426
What is the highest common factor of 1 and 92975693?
1
What is the highest common factor of 100405617 and 17355?
3471
What is the highest common factor of 215 and 74066855?
215
What is the greatest common factor of 1504 and 3873176?
376
Calculate the greatest common factor of 118352773 and 59983.
3157
What is the highest common divisor of 626 and 130021139?
313
Calculate the greatest common divisor of 13 and 1604870618.
13
What is the greatest common factor of 51112 and 48936?
8
Calculate the greatest common factor of 4224 and 9007584.
96
What is the highest common factor of 40284725 and 13?
13
Calculate the highest common factor of 96 and 13747984.
16
What is the highest common factor of 15605158 and 4728?
394
Calculate the greatest common divisor of 2194 and 108803751.
1097
Calculate the greatest common factor of 2429891031 and 291.
291
What is the greatest common divisor of 9 and 9444489?
3
Calculate the highest common factor of 4566954 and 42389.
1843
What is the greatest common factor of 5376 and 182018816?
1792
What is the highest common divisor of 25600656 and 368?
368
What is the highest common divisor of 20